ist the prime factors of (6*1)/f - 0.
2
List the prime factors of 20/8*(2 - 0).
5
Let j(r) be the first derivative of -r - 3*r + 1 - 2 - 2*r**2. List the prime factors of j(-4).
2, 3
Suppose 21 = 4*p + 5. Suppose 4*j - 28 = p. List the prime factors of j.
2
What are the prime factors of (-41)/1*(-4 - -3)?
41
Suppose -2 = q - 6. Suppose q*n + 4*g + 31 = -5, 0 = -2*n + g - 6. What are the prime factors of (6/n)/((-10)/75)?
3
Let v = 5 - 5. Suppose v*l = -4*l. Suppose -2*u + 4 = l, -2*y + 0*u + 28 = u. What are the prime factors of y?
13
Let r be (-6)/4 + (-147)/(-14). Let x = r + -4. What are the prime factors of x?
5
Let b = 11 - 6. Suppose -34 = -3*s + x, 0*x + 20 = -b*x. List the prime factors of s.
2, 5
What are the prime factors of 3 + -6 + 15*4?
3, 19
Let k be (-9)/12*-4 + 1. List the prime factors of (k - 1 - -20) + -1.
2, 11
Let l = -25 + -50. Let s be (-2)/(-3)*l/(-2). Suppose -y + 6*y + 5*m = s, 3*m - 3 = -y. What are the prime factors of y?
2, 3
Let f be (-2)/((-12)/3)*-30. Let w = 22 + f. List the prime factors of w.
7
Let f(r) = -8*r + 2. Let y be f(-2). Suppose -y = -z + 35. List the prime factors of z.
53
Suppose 9 - 23 = -5*l - 4*j, -3*j + 9 = 3*l. Let c = 1 + l. Suppose -2*h = -4, 0*h - 27 = -3*q + c*h. List the prime factors of q.
11
Let c be 1*-1 + (5 - -4). Suppose 0 = 2*g + 2 - c. What are the prime factors of g?
3
Let v(l) = -32*l - 1. List the prime factors of v(-1).
31
Suppose 0 = -4*f + g + 3*g + 40, -3*g - 18 = -2*f. List the prime factors of f.
2, 3
Let n be 1*2/(2/25). Let m = -16 + n. What are the prime factors of m?
3
Suppose -5*s - 4*r = -16, 0 = -2*s - 2*r - 1 + 7. List the prime factors of (-6)/9*(-114)/s.
19
Let q(h) = -h**2 + 14*h + 24. What are the prime factors of q(12)?
2, 3
Let s(q) = 14*q + 1. Let g be s(-2). Let b = -10 - g. What are the prime factors of b?
17
Let b(h) = -h**2 + 9*h + 12. What are the prime factors of b(10)?
2
Suppose -4*z + 2*w + 68 = 0, 2*w = -5*z - 0*z + 76. List the prime factors of z.
2
What are the prime factors of (-2 - 2*(-4)/(-8)) + 67?
2
Suppose -4*v + 2*g + 107 = -1, -2*v - 5*g = -42. List the prime factors of v.
2, 13
Suppose -2*l = -0*l - 10. List the prime factors of l*1 - 8/4.
3
Suppose -2*s = -3*s. Suppose 39 = -s*t + 3*t. What are the prime factors of t?
13
Let t(q) = q**2 - 6*q - 4. Let y be t(5). Let r be (2/(-3))/(2/y). List the prime factors of 2*r/(-12)*-22.
11
Let g be 7 + ((-2)/(-2) - 2). Let u be (-8)/4 - g/2. Let y = u + 7. What are the prime factors of y?
2
Let j(y) = -y**3 - 9*y**2 + 9*y - 6. Suppose 50 = -0*i - 5*i. Let q be j(i). Suppose -3*r - 96 = -8*r + q*f, -16 = -2*r - 4*f. What are the prime factors of r?
2
Suppose 0 = -6*a + a - 5. Let j = a + 43. Suppose 3*h + 2*y = 32, -2*h - 2*h - 2*y + j = 0. List the prime factors of h.
2, 5
Let m(g) = g**3 + 4*g - g - 10*g**2 + 6*g. Let u be m(9). List the prime factors of 6/3 + 6 + u.
2
Let q(a) = a - 3. Let d be q(8). Let m = d + 16. What are the prime factors of m?
3, 7
Let t = 15 - 4. Suppose 5*f + y = t, -29 - 6 = -5*f + 5*y. List the prime factors of f.
3
Let d = 14 + -14. Suppose d = 5*y - 0*y - 15. What are the prime factors of y?
3
Let q(j) = 14*j**2 + 2*j + 1. What are the prime factors of q(2)?
61
Let w(s) = -1 - s - 2 + 2 + 6. List the prime factors of w(3).
2
Let o be 4/(-14) - 6/(-21). Suppose o = 2*w + 2*w - 12. List the prime factors of w.
3
List the prime factors of (21/(-6)*2)/(-1).
7
Let z = -5 - -5. Suppose 4*m - 2*m - 26 = z. List the prime factors of m.
13
Let z(g) = -3*g**3 + 2*g - 1. Let i be (4/(-10))/((-4)/(-20)). List the prime factors of z(i).
19
Suppose 2*l = -2*l + 840. What are the prime factors of l?
2, 3, 5, 7
Let o(w) = 5*w**3 - 11*w**2 + 13*w + 2. Let y(v) = 9*v**3 - 23*v**2 + 26*v + 3. Let d(m) = 7*o(m) - 4*y(m). List the prime factors of d(14).
2
Suppose -5*z - y + 145 = 0, 5*y + 33 = -4*z + 128. Let x = 48 - z. Let b = x - 13. What are the prime factors of b?
5
Suppose -2*y - y = -6. Let a = y - 0. What are the prime factors of a?
2
Suppose 117 = -3*w + 21. List the prime factors of w/12*(-3)/2.
2
Let h = 5 - 3. Suppose 0 = -4*a + h*k + 86, 0 = 2*a + 3*k - 67 + 20. List the prime factors of a.
2, 11
Suppose -12*v + 1192 = 208. List the prime factors of v.
2, 41
Suppose 39 = 5*d + 4. Let y(v) = -v**3 + 8*v**2 - 6*v - 5. Let m be y(d). Suppose -m*o = 3*z - 2*z - 7, 0 = o - z - 5. List the prime factors of o.
2
Let u(o) = -2*o + 0*o - 5 + o. Suppose 6 + 1 = -y. List the prime factors of u(y).
2
Let y(p) = -19*p + 3. Let g be y(-3). Suppose 4*a + a - g = 0. What are the prime factors of a?
2, 3
Suppose 2*o + 8 = 0, 0*a - a + 5*o + 66 = 0. What are the prime factors of a?
2, 23
Suppose -3*w - 4*k = 58, 0 = 4*w + 2*k - 8 + 72. Suppose y + 2 - 22 = 0. Let n = w + y. What are the prime factors of n?
2, 3
Let d be (-78 - 2)*(-30)/(-8). List the prime factors of d/(-44) + (-4)/(-22).
7
Let y(s) be the second derivative of -s**5/20 + s**4/3 + s**3/3 + s**2/2 + s. Let w(z) = z + 10. Let a be w(-6). What are the prime factors of y(a)?
3
Suppose 4 = -3*q - q. Suppose -10*c = -5*c. List the prime factors of 5 + c*q/3.
5
Let o(i) = i + 1. Let d(u) = u**2 + 2. Let g be (2 - 1)/(2/6). Let m(z) = g*o(z) - d(z). List the prime factors of m(2).
3
Let g = -6 - -47. List the prime factors of g.
41
Let g(i) = -i**3 + i + 62. List the prime factors of g(0).
2, 31
Suppose -7*p + 224 = 7*p. List the prime factors of p.
2
Let i(k) = k + 24. Let w be i(-15). List the prime factors of 3/w + (-113)/(-3).
2, 19
Let b = 6 - 3. Suppose -6*p = -b*p + l - 53, -5*p - 5*l + 95 = 0. What are the prime factors of p?
17
Let q = -60 + 184. List the prime factors of q.
2, 31
Suppose 146 = -34*q + 35*q. What are the prime factors of q?
2, 73
Let s be ((-7)/(-1))/(2/2). Suppose 0 = 3*j - 4*u - u + s, 0 = u - 2. List the prime factors of 6*j*2/3.
2
Let t(m) = m**3 + 7*m**2 + 3*m + 4. Suppose 0 = 3*x - 9*x - 36. List the prime factors of t(x).
2, 11
Let d = -33 + 15. List the prime factors of d/5*10/(-4).
3
Let r(n) = n**3 + 6*n**2 - 3*n - 6. Let o be r(-6). Let i = o - -17. List the prime factors of i.
29
Suppose -49 - 95 = -3*f. List the prime factors of f.
2, 3
Suppose 5 = 5*w + 4*r, r - 10 + 35 = 4*w. Suppose w*d = 2*d + 87. What are the prime factors of d?
29
Let g(f) = 4*f**2 - 34*f + 7. Let v(s) = s**2 - 11*s + 2. Let c(w) = -2*g(w) + 7*v(w). List the prime factors of c(-8).
2
Suppose 10 + 29 = 3*n + 3*p, p = 4*n - 37. Suppose 0 = 3*a - a - n. List the prime factors of a.
5
Suppose 2*a - 5*a + 21 = 0. Suppose 5*g = 3*x - 7, -3*g = -5*x - a + 24. List the prime factors of x.
2
Let y = 4 + 1. Suppose 0 = 3*r - y*r + 30. List the prime factors of r.
3, 5
Suppose 3*o = 2*o + 6. Suppose -2*f + r = -3, 5*r - 9 = o. What are the prime factors of f?
3
Let l be (1 - 0)/((-3)/(-15)). Suppose -3*f - 23 = 4*g, f - 29 = 5*f + l*g. Let p(d) = 8*d**2 + 2*d + 1. List the prime factors of p(f).
7
Let k(r) = r**2 - 4*r + 7. Let t be k(5). Let w = -17 + t. Let f(m) = -m - 1. List the prime factors of f(w).
2
Suppose 8 = 5*m - m. Suppose 5*j - 2*b = m, 3*b + 2 - 4 = 5*j. Let s = 8 - j. What are the prime factors of s?
2, 3
Let q = -4 - -7. Suppose 2*c - 25 = q*f, -2*c = 5*f - f - 32. List the prime factors of c.
2, 7
Let p(y) = y + 13. What are the prime factors of p(0)?
13
Let a(l) = -l**2 + l + 29. Suppose 0*g + g = 0. List the prime factors of a(g).
29
Let u(n) = n**3 + 9*n**2 + 8*n - 11. What are the prime factors of u(-6)?
7
Let i(r) = r**3 - r**2 - r. Let j be i(-1). What are the prime factors of -13*(-1 + 2)/j?
13
Let j(k) be the third derivative of k**5/60 + k**4/12 + k**3/2 - 2*k**2. What are the prime factors of j(-3)?
2, 3
Suppose 4*h = -2*h + 210. List the prime factors of h.
5, 7
Let y(h) = -h**3 - 6*h - 3. What are the prime factors of y(-4)?
5, 17
Let h(l) = -l**3 - 3*l**2 - 11*l - 8. Let u be h(-8). List the prime factors of (-2)/7 + u/28.
2, 7
Let k = 29 + -11. Suppose 0 = 2*v + 2*n - k, 4*v + 5*n - 31 = -0*v. List the prime factors of v.
2, 7
Suppose 0 = -11*x + 6*x + 120. What are the prime factors of x?
2, 3
Let z(d) be the second derivative of d**4/12 + 2*d**3/3 + 3*d**2 + 3*d. List the prime factors of z(-4).
2, 3
Let x = 30 + -45. Suppose -44 = -0*w + 2*w. Let k = x - w. What are the prime factors of k?
7
S